, 5*q = -z - 0*z. Suppose q*b - 3*b + 27939 = 0. Suppose b = 5*f - 3582. Is f a prime number?
True
Let s(d) = d**3 - 15*d**2 - 32*d - 7. Let w be 18/21*14/4. Suppose -3*v - 93 = -0*l - 5*l, 69 = 4*l + w*v. Is s(l) a composite number?
False
Suppose 16 = 4*h - 4. Suppose h*f = 90 + 145. Suppose -i - 10 + f = 0. Is i a composite number?
False
Let d(i) = 33 + 4*i**2 - 3*i**2 + 11*i - 12. Let v be d(-8). Is 3*1227*(v + 112/36) composite?
False
Suppose 5*o - 2*o - 68 = -4*h, 2 = h. Suppose o*q + 50804 = 24*q. Is q prime?
False
Let p = 101935 + 106084. Is p composite?
True
Let p(a) = -3634*a - 327. Let j be p(6). Let q = 45458 + j. Is q prime?
True
Let g = -18 - -22. Let y(d) = -2*d + 13. Let a be y(g). Suppose -u = 5*z - 1355, 2*z + a*u = 3*z - 271. Is z a composite number?
False
Suppose -56*r + 4112742 = -2255186. Is r a composite number?
True
Let j(v) = 8 - 9*v - 5*v**2 + 7 + 4*v**2 + 15*v**2. Is j(-6) a prime number?
False
Let w(h) = 228*h - 40. Let v(r) = -76*r + 14. Let o(f) = 7*v(f) + 2*w(f). Is o(-14) a prime number?
False
Suppose 2*r + 3*r + 14078 = 3*y, -3*r - 9387 = -2*y. Suppose 5*c - y = 2*s, -2*s - 1707 = -2*c + 171. Is c a prime number?
True
Let v(s) = 4400*s**2 + 306*s + 1467. Is v(-5) a prime number?
True
Let p be (-1 - -3)/(5/(-30)*-3). Suppose 2*d - 1254 = -p*g, -3*g + 746 = 5*d - 2396. Is d a prime number?
False
Let j(a) = a**2 + 3*a - 6. Let g be j(-5). Suppose g*w - 3587 = 2*w - o, 5*w + 5*o = 8960. Is w a prime number?
False
Let d(r) = r**2 - 497*r + 993. Let n be d(2). Let w = -2245 - -179. Is 2/6 - w/n a composite number?
True
Suppose -2*o - 540 = -6*m + 2*m, 0 = 4*m - 5*o - 540. Let f = 222 - m. Is f composite?
True
Suppose 0 = -5*r - 5*u - 103485, -2*r - 41412 = 2*u - 6*u. Let c = -9311 - r. Is c a prime number?
False
Is (-37439)/14*-296 - 888/2072 prime?
False
Suppose 2*g + 4*c = -2*g + 20, 0 = 2*g - 5*c - 24. Suppose -g*l + 26 = -16. Is l/12 - (-218)/4 a composite number?
True
Let f(i) be the third derivative of i**5/4 + 5*i**4/3 - 3*i**3/2 - 122*i**2. Is f(-8) composite?
False
Suppose -5*a - 36 = -46. Suppose -q = -3*q + 3*c + 15, -q + a*c = -7. Suppose 0 = -y - q*y + 18230. Is y a prime number?
True
Let s = 362 + -360. Suppose k + 4*t = 3281, 3*t + 0*t = s*k - 6595. Is k a composite number?
True
Let i(w) = -2*w**2 - w. Let x(y) = -22*y**2 - 12*y + 3. Let b(r) = 4*i(r) - x(r). Suppose -9*s + 4*s + 20 = 0. Is b(s) prime?
False
Suppose -699*o + 4*c - 34965 = -704*o, -o = -2*c - 7007. Is o composite?
False
Suppose 0 = -23*w + 17*w + 362508. Suppose 2*v = -15*v + w. Is v prime?
False
Let p = -2656481 - -4786780. Is p composite?
True
Let p(n) = n**2 + 4*n + 24. Let d be p(-4). Suppose d*v + 47932 = 234868. Is v a prime number?
True
Let k(o) = -o**3 + o**2 + 7*o + 4243. Let r be k(0). Let d = r - 2526. Is d composite?
True
Suppose -284*p + 92406237 = 277*p. Is p a prime number?
False
Suppose -3*w - 235*h + 365286 = -232*h, -4*h - 4 = 0. Is w a prime number?
True
Suppose 3*h + 3*j = 1370046, -3400*h + 3402*h = 2*j + 913392. Is h prime?
False
Let s(b) = b**2 - 18*b - 19. Let d be s(19). Suppose 4*q = 4*r + r + 4312, 3*q - r - 3223 = d. Is q composite?
True
Suppose -3*b = -2027 - 2074. Let m = -940 + b. Is m composite?
True
Let s(n) = 864*n**3 + 22*n**2 - 93*n + 4. Is s(3) composite?
False
Let g be (8 - -2)/(-3 - 246/(-84)). Let k be (3/(-2))/((-7)/(g/(-15))). Suppose 2733 = 5*z - k*z - 3*w, -4*z + 2*w = -3636. Is z a composite number?
False
Suppose p - 6*d + 5*d - 39256 = 0, 5*p - 3*d - 196270 = 0. Is p a composite number?
False
Let g(m) be the first derivative of 13*m**4/2 + 16*m**3/3 + 11*m**2/2 + 16*m + 295. Is g(9) a composite number?
True
Let l(p) = 1193*p + 2097. Is l(22) a prime number?
False
Let g(n) = -6432*n**3 - 2*n**2 - 3*n - 2. Let u be g(-1). Suppose 6*k = u + 943. Is k prime?
True
Let c = 767809 + -392136. Is c a prime number?
True
Let z(w) be the second derivative of 17*w**4/6 + 5*w**3/3 - 19*w**2 - 23*w - 1. Is z(5) a composite number?
True
Let y(k) = k**2 - k - 23. Let t = 4 - 0. Let o be -1*(-2 + t + -1) + -7. Is y(o) a composite number?
True
Suppose 14*v = 39*v + 210650. Is ((-36)/(-4) + -11)*v/4 a composite number?
True
Let a(z) be the second derivative of 7*z**3/6 + 517*z**2/2 - 11*z. Let y(f) = f. Let l(k) = a(k) - 6*y(k). Is l(0) prime?
False
Suppose -7 = y - 8. Let c(t) = 6*t - 3. Let z be c(y). Suppose -978 = -3*l - z*l. Is l composite?
False
Is (-2427887)/(-11) - (-43 - -39) a composite number?
False
Let c(d) = 96*d**3 + 5*d**2 + 6. Is c(5) a composite number?
True
Let d(x) = 40*x**2 + 6*x - 8. Let j(y) = -40*y**2 - 5*y + 8. Let q = -92 + 88. Let u(s) = q*d(s) - 5*j(s). Is u(-7) a composite number?
True
Is (6996 - (-4 - -3)) + (11 - 5) prime?
False
Let y(l) = -5935*l. Let i be y(-1). Suppose -4*s - s + i = 0. Let o = 3685 - s. Is o composite?
True
Suppose 54*w - 28*w = 10*w + 2310320. Is w a prime number?
False
Let a = 42213 + -28282. Is a a composite number?
False
Let m = -151639 + 214198. Suppose -2*u + m = 2*u + 5*h, 0 = 5*u + 2*h - 78203. Is u a composite number?
False
Let w(f) = 71*f**3 - 3*f**2 + 2*f + 7. Let x be w(3). Suppose 2*h = h + x. Is h a composite number?
True
Let u(f) = -2*f**2 - 114*f + 101. Let c be u(-34). Let s = c - -242. Is s prime?
True
Let j(c) = 89*c**2 - 11*c - 36. Let g be j(-3). Suppose -n + 2*k + 805 = -k, -n = 4*k - g. Is n prime?
False
Let y = 2014933 + -1256162. Is y prime?
False
Suppose -33*h = -26050592 - 1347031. Is h composite?
True
Let l(j) = 2*j**2 - 5*j + 2. Let v be l(3). Let m(d) = -131*d**2 + 3*d - 32. Let o be m(v). Is o*(9/4)/(-3) composite?
True
Suppose -5*l = 238*a - 234*a - 862734, 5*l + 647033 = 3*a. Is a prime?
True
Let s be 3/((-9)/2) - (-374)/(-51). Let l be 1 + (-2084)/s*2. Let j = 755 - l. Is j a prime number?
True
Suppose 36 = o - 3*o. Let l be (-114)/(-36) + -1 + (-15)/o. Suppose h - 174 = -2*m + 5*h, -l*m + 2*h = -265. Is m a composite number?
False
Let k(z) = 1410*z**2 + 98*z + 7. Is k(3) prime?
False
Let n = -367 - -415. Is 3*2/18 - (-549536)/n a prime number?
False
Is 6 + (-220)/(-20) - -16770 a composite number?
False
Let b(n) = 7*n - 103. Let o be b(33). Suppose 0 = -o*m + 126*m + 1478. Is m composite?
False
Suppose -4 - 3 = o + 5*z, -3*o = 5*z + 1. Let i be 27 + (-3 - 4 - 1). Suppose 4 = o*b + i, 1661 = 4*r - 5*b. Is r a composite number?
False
Let k(q) = -7046*q - 3053. Is k(-46) prime?
False
Let d = 2807 + -888. Is d prime?
False
Is (18/10)/(((-99)/(-777045))/11) composite?
True
Suppose -3*z + 5*n + 981846 = 0, -5*z + 137*n = 136*n - 1636388. Is z a prime number?
True
Let j(c) = 9856*c - 28. Let h be j(1). Suppose -3*i - 3*v = -h, -24*v = -19*v - 25. Is i composite?
False
Let k = -202 - -498. Let z = k + 1119. Let j = z + -832. Is j a composite number?
True
Let c be (12 + -6 - 13) + -6922. Let m = 8250 - c. Is m composite?
True
Let o(j) be the first derivative of -165*j**4/4 + j**3 + 3*j**2/2 - 9. Let f be o(-2). Suppose f = 3*k - 660. Is k composite?
True
Let p be 4/8*0 + 3. Suppose -3*u - v = -1, 5*v + 14 = u + p*u. Is 5/1*113*(u + 0) a prime number?
False
Let t = -14 + 17. Suppose 5*u = t*u + 24. Is ((-2253)/u + 2)*-4 composite?
False
Let f = 21414 + 184237. Is f prime?
True
Let p(t) = 3176*t - 5755. Is p(15) a prime number?
False
Let v(y) = 28*y + 479. Let f(p) = p**2 - 20*p + 96. Let d be f(8). Is v(d) a composite number?
False
Let n = 15732 - 571. Is n a composite number?
False
Let w = 107352 + -55858. Let y = w + -21807. Is y prime?
False
Let p(z) be the second derivative of 37*z**5/30 - z**4/6 - z**3/6 - 9*z**2 - 13*z. Let a(o) be the first derivative of p(o). Is a(-3) a prime number?
True
Let v = -379623 - -981422. Is v prime?
False
Let t be (-30)/(-9) + 2 + 2/(-6). Let n(u) = 98*u + 63. Is n(t) a composite number?
True
Let d(u) = -65*u - 85. Let h be d(-11). Let f = h - -1244. Is f a composite number?
True
Let d be (-1317)/6*8/(-12)*69. Let q = 18900 - d. Is q prime?
True
Let m(p) = -p**3 + 7*p**2 - p + 10. Let r be (-1*10 + -4)/(-2). Let l be m(r). Suppose l*h = -4*d + 3249, 1084 = 3*h - 2*h + d. Is h prime?
True
Suppose 2*v = -5*x + 28, -2*x + 2*v = -6*x + 24. Suppose -x*d + 2 = -46. Suppose 0 = -d*b + 6*b + 4182. Is b prime?
False
Let q(m) = -10*m**3 - 35*m**2 + 88*m - 246. Is q(-29) a prime number?
True
Is -17 + (-3 - -